 tens digit of 89328?
2
What is the hundreds digit of 526236?
2
What is the hundred thousands digit of 1533829?
5
What is the tens digit of 1027051?
5
What is the ten thousands digit of 1026630?
2
What is the millions digit of 6924329?
6
What is the units digit of 677132?
2
What is the thousands digit of 1627634?
7
What is the millions digit of 3982048?
3
What is the hundreds digit of 84455?
4
What is the units digit of 304936?
6
What is the thousands digit of 7611617?
1
What is the units digit of 1785757?
7
What is the thousands digit of 830327?
0
What is the hundred thousands digit of 1205543?
2
What is the ten thousands digit of 598153?
9
What is the thousands digit of 125794?
5
What is the units digit of 1450929?
9
What is the units digit of 356897?
7
What is the ten thousands digit of 25007940?
0
What is the hundreds digit of 601898?
8
What is the thousands digit of 161089?
1
What is the thousands digit of 88975?
8
What is the thousands digit of 70499?
0
What is the units digit of 912254?
4
What is the tens digit of 3241764?
6
What is the hundreds digit of 726618?
6
What is the ten thousands digit of 3866432?
6
What is the hundreds digit of 238882?
8
What is the millions digit of 33923585?
3
What is the ten millions digit of 11877472?
1
What is the thousands digit of 6703418?
3
What is the ten thousands digit of 786514?
8
What is the units digit of 33740476?
6
What is the ten thousands digit of 477949?
7
What is the units digit of 14042296?
6
What is the hundreds digit of 23962?
9
What is the ten thousands digit of 300675?
0
What is the hundred thousands digit of 382280?
3
What is the hundreds digit of 8383314?
3
What is the hundred thousands digit of 817584?
8
What is the hundred thousands digit of 10056666?
0
What is the hundred thousands digit of 564796?
5
What is the tens digit of 1631535?
3
What is the hundreds digit of 935?
9
What is the hundred thousands digit of 17888579?
8
What is the tens digit of 746758?
5
What is the thousands digit of 155460?
5
What is the thousands digit of 15377361?
7
What is the tens digit of 682056?
5
What is the hundreds digit of 388817?
8
What is the tens digit of 6838755?
5
What is the thousands digit of 3729225?
9
What is the millions digit of 20624620?
0
What is the tens digit of 202637?
3
What is the tens digit of 127696?
9
What is the thousands digit of 3979753?
9
What is the ten thousands digit of 513329?
1
What is the thousands digit of 510556?
0
What is the thousands digit of 6508551?
8
What is the thousands digit of 28785385?
5
What is the ten thousands digit of 45229?
4
What is the ten thousands digit of 2861641?
6
What is the millions digit of 10479735?
0
What is the tens digit of 762645?
4
What is the thousands digit of 549869?
9
What is the thousands digit of 25568721?
8
What is the hundreds digit of 3718274?
2
What is the millions digit of 15905586?
5
What is the thousands digit of 735306?
5
What is the units digit of 2043256?
6
What is the tens digit of 12106336?
3
What is the tens digit of 11836796?
9
What is the millions digit of 1710510?
1
What is the thousands digit of 270423?
0
What is the hundred thousands digit of 1887399?
8
What is the thousands digit of 2973130?
3
What is the ten thousands digit of 3858798?
5
What is the hundred thousands digit of 2420055?
4
What is the ten thousands digit of 6980402?
8
What is the thousands digit of 839648?
9
What is the thousands digit of 2701555?
1
What is the thousands digit of 3264429?
4
What is the hundreds digit of 6091763?
7
What is the tens digit of 2449792?
9
What is the units digit of 699899?
9
What is the hundreds digit of 1124597?
5
What is the hundreds digit of 337692?
6
What is the units digit of 2330830?
0
What is the tens digit of 3861738?
3
What is the thousands digit of 418888?
8
What is the millions digit of 8430027?
8
What is the units digit of 2790812?
2
What is the thousands digit of 1899165?
9
What is the ten thousands digit of 5039933?
3
What is the hundreds digit of 829057?
0
What is the tens digit of 2132926?
2
What is the hundred thousands digit of 218676?
2
What is the hundred thousands digit of 4524963?
5
What is the millions digit of 1082970?
1
What is the ten thousands digit of 1006552?
0
What is the ten thousands digit of 1047126?
4
What is the tens digit of 1059155?
5
What is the tens digit of 4445646?
4
What is the hundred thousands digit of 369319?
3
What is the units digit of 24187044?
4
What is the hundreds digit of 7944637?
6
What is the hundred thousands digit of 24290563?
2
What is the hundreds digit of 634716?
7
What is the hundred thousands digit of 422144?
4
What is the millions digit of 1409237?
1
What is the hundred thousands digit of 786447?
7
What is the tens digit of 3262793?
9
What is the hundreds digit of 7112194?
1
What is the units digit of 791622?
2
What is the hundreds digit of 597503?
5
What is the thousands digit of 19265?
9
What is the units digit of 290906?
6
What is the units digit of 4408964?
4
What is the ten thousands digit of 10269237?
6
What is the hundreds digit of 1262403?
4
What is the ten thousands digit of 136433?
3
What is the thousands digit of 311722?
1
What is the thousands digit of 3664534?
4
What is the hundreds digit of 260915?
9
What is the millions digit of 4179946?
4
What is the hundreds digit of 3886513?
5
What is the ten thousands digit of 1036478?
3
What is the hundreds digit of 16833?
8
What is the hundreds digit of 5127715?
7
What is the ten thousands digit of 15858617?
5
What is the ten thousands digit of 200016?
0
What is the ten thousands digit of 2381768?
8
What is the thousands digit of 10293835?
3
What is the ten thousands digit of 5333882?
3
What is the ten thousands digit of 379864?
7
What is the millions digit of 15737044?
5
What is the ten thousands digit of 88240?
8
What is the hundred thousands digit of 9668055?
6
What is the ten millions digit of 25445809?
2
What is the thousands digit of 109124?
9
What is the thousands digit of 1059310?
9
What is the ten thousands digit of 67707?
6
What is the thousands digit of 668103?
8
What is the tens digit of 1031842?
4
What is the units digit of 6410679?
9
What is the thousands digit of 812833?
2
What is the units digit of 8018742?
2
What is the hundred thousands digit of 356462?
3
What is the hundreds digit of 4715230?
2
What is the thousands digit of 8823884?
3
What is the millions digit of 18335569?
8
What is the hundreds digit of 2150941?
9
What is the thousands digit of 324597?
4
What is the ten thousands digit of 615816?
1
What is the hundreds digit of 24570881?
8
What is the hundreds digit of 3625451?
4
What is the hundred thousands digit of 31862657?
8
What is the ten thousands digit of 2642412?
4
What is the hundreds digit of 5812537?
5
What is the hundreds digit of 454268?
2
What is the millions digit of 5652064?
5
What is the hundred thousands digit of 1437867?
4
What is the hundred thousands digit of 262749?
2
What is the thousands digit of 1777268?
7
What is the tens digit of 1261082?
8
What is the tens digit of 4262063?
6
What is the tens digit of 11189998?
9
What is the thousands digit of 11408957?
8
What is the ten thousands digit of 2532713?
3
What is the tens digit of 51869?
6
What is the tens digit of 511350?
5
What is the tens digit of 227179?
7
What is the hundreds digit of 358421?
4
What is the ten thousands digit of 168582?
6
What is the ten thousands digit of 331223?
3
What is the hundred thousands digit of 40949636?
9
What is the thousands digit of 80213?
0
What is the units digit of 325235?
5
What is the hundred thousands digit of 11750949?
7
What is the hundred thousands digit of 158193?
1
What is the ten thousands digit of 148452?
4
What is the tens digit of 15910467?
6
What is the hundreds digit of 656208?
2
What is the hundreds digit of 64884?
8
What is the hundred thousands digit of 4609347?
6
What is the hundreds digit of 4321500?
5
What is the ten thousands digit of 432062?
3
What is the hundred thousands digit of 203419?
2
What is the hundreds digit of 318859?
8
What is the ten thousands digit of 963966?
6
What is the tens digit of 13780583?
8
What is the units digit of 1432562?
2
What is the tens digit of 9342056?
5
What is the hundreds digit of 941954?
9
What is the tho